{"id":702,"date":"2021-12-02T22:40:06","date_gmt":"2021-12-02T22:40:06","guid":{"rendered":"https:\/\/tonicorrea.com.br\/?page_id=55"},"modified":"2026-05-08T17:34:28","modified_gmt":"2026-05-08T17:34:28","slug":"curriculo","status":"publish","type":"page","link":"https:\/\/tonicorrea.com.br\/index.php\/curriculo\/","title":{"rendered":"Curr\u00edculo do Palestrante"},"content":{"rendered":"\n<p><strong>TONI CORR\u00caA<\/strong> \u00e9 Bacharel em Secretariado Executivo Bil\u00edngue pelo Centro Universit\u00e1rio Diocesano do Sudoeste do Paran\u00e1 (Unics), sediado em Palmas\/PR. \u00c9 Mestre em Ci\u00eancias da Educa\u00e7\u00e3o pela Universidad Internacional Tres Fronteras, com sede em Ciudad Del Este, na Rep\u00fablica do Paraguai, onde defendeu disserta\u00e7\u00e3o com o tema \u201cA contribui\u00e7\u00e3o da escola no desenvolvimento da orat\u00f3ria e da oralidade\u201d.<\/p>\n\n\n\n<p>Escritor,&nbsp;possui tr\u00eas livros publicados: \u201cCerimonial, Protocolo e Organiza\u00e7\u00e3o de eventos\u201d; \u201cFerramentas para o Sucesso\u201d, uma obra com as principais ferramentas para alcan\u00e7ar o sucesso em todos os n\u00edveis e \u201cFale bem, voc\u00ea tamb\u00e9m \u2013 Li\u00e7\u00f5es pr\u00e1ticas para falar bem\u201d. H\u00e1 ainda, uma publica\u00e7\u00e3o no formato e-book, com o t\u00edtulo: Acredite, voc\u00ea tamb\u00e9m pode falar bem em p\u00fablico.<\/p>\n\n\n\n<p>Foi assessor em v\u00e1rias prefeituras no Paran\u00e1 e em Santa Catarina, al\u00e9m de ter atuado na Assembleia Legislativa de Santa Catarina, atividades estas exercidas cumulativamente com a de palestrante.<\/p>\n\n\n\n<p>Foi editor e colunista em v\u00e1rios ve\u00edculos de comunica\u00e7\u00e3o, como r\u00e1dios, jornais impressos e portais de not\u00edcias.<\/p>\n\n\n\n<p>Organizou recep\u00e7\u00f5es para Presidente da Rep\u00fablica, Ministros, Governadores, Secret\u00e1rios de Estado e v\u00e1rias Personalidades.<\/p>\n\n\n\n<p>A experi\u00eancia do Palestrante conta com:<\/p>\n\n\n\n<p><strong>Mais de 30 anos como palestrante, conferencista, consultor e professor de Orat\u00f3ria, Cerimonial e Protocolo, L\u00edngua Portuguesa, Secretariado Executivo e Gerenciamento de Equipes;<\/strong><\/p>\n\n\n\n<p><strong>Mais de 35 anos de atua\u00e7\u00e3o nas rotinas de Cerimonial e Protocolo e mais de 30 anos de atua\u00e7\u00e3o em r\u00e1dios, jornais e sites de not\u00edcias.<\/strong><\/p>\n\n\n\n<p><\/p>\n","protected":false},"excerpt":{"rendered":"<p>TONI CORR\u00caA \u00e9 Bacharel em Secretariado Executivo Bil\u00edngue pelo Centro Universit\u00e1rio Diocesano do Sudoeste do Paran\u00e1 (Unics), sediado em Palmas\/PR. \u00c9 Mestre em Ci\u00eancias da Educa\u00e7\u00e3o pela Universidad Internacional Tres Fronteras, com sede em Ciudad Del Este, na Rep\u00fablica do Paraguai, onde defendeu disserta\u00e7\u00e3o com o tema \u201cA contribui\u00e7\u00e3o da escola no desenvolvimento da orat\u00f3ria<\/p><\/div>\n<div class=\"blog-btn\"><a href=\"https:\/\/tonicorrea.com.br\/index.php\/curriculo\/\" class=\"home-blog-btn\">Ler mais<\/a><\/p>\n","protected":false},"author":2,"featured_media":0,"parent":0,"menu_order":0,"comment_status":"closed","ping_status":"closed","template":"","meta":{"footnotes":""},"class_list":["post-702","page","type-page","status-publish","hentry"],"_links":{"self":[{"href":"https:\/\/tonicorrea.com.br\/index.php\/wp-json\/wp\/v2\/pages\/702","targetHints":{"allow":["GET"]}}],"collection":[{"href":"https:\/\/tonicorrea.com.br\/index.php\/wp-json\/wp\/v2\/pages"}],"about":[{"href":"https:\/\/tonicorrea.com.br\/index.php\/wp-json\/wp\/v2\/types\/page"}],"author":[{"embeddable":true,"href":"https:\/\/tonicorrea.com.br\/index.php\/wp-json\/wp\/v2\/users\/2"}],"replies":[{"embeddable":true,"href":"https:\/\/tonicorrea.com.br\/index.php\/wp-json\/wp\/v2\/comments?post=702"}],"version-history":[{"count":1,"href":"https:\/\/tonicorrea.com.br\/index.php\/wp-json\/wp\/v2\/pages\/702\/revisions"}],"predecessor-version":[{"id":2897,"href":"https:\/\/tonicorrea.com.br\/index.php\/wp-json\/wp\/v2\/pages\/702\/revisions\/2897"}],"wp:attachment":[{"href":"https:\/\/tonicorrea.com.br\/index.php\/wp-json\/wp\/v2\/media?parent=702"}],"curies":[{"name":"wp","href":"https:\/\/api.w.org\/{rel}","templated":true}]}}