{"id":2175,"date":"2024-10-24T10:23:22","date_gmt":"2024-10-24T13:23:22","guid":{"rendered":"https:\/\/tonicorrea.com.br\/?page_id=2175"},"modified":"2024-10-24T10:23:22","modified_gmt":"2024-10-24T13:23:22","slug":"curso-de-oratoria","status":"publish","type":"page","link":"https:\/\/tonicorrea.com.br\/index.php\/curso-de-oratoria\/","title":{"rendered":"Curso de Orat\u00f3ria"},"content":{"rendered":"\n<figure class=\"wp-block-image size-full\"><img decoding=\"async\" src=\"https:\/\/tonicorrea.com.br\/wp-content\/uploads\/2023\/01\/resultados-1.png\" alt=\"\" class=\"wp-image-1544\"\/><\/figure>\n\n\n\n<p class=\"has-text-align-left\">O mercado de trabalho no Brasil \u00e9 altamente competitivo e as melhores vagas s\u00e3o preenchidas com pessoas de forma\u00e7\u00e3o t\u00e9cnica e que tamb\u00e9m saibam se comunicar bem. \u00c9 preciso ser claro, persuasivo e isto passa pelo dom\u00ednio da arte de falar em p\u00fablico.<\/p>\n\n\n\n<figure class=\"wp-block-embed is-type-video is-provider-youtube wp-block-embed-youtube wp-embed-aspect-16-9 wp-has-aspect-ratio\"><div class=\"wp-block-embed__wrapper\">\n<div class=\"nv-iframe-embed\"><iframe loading=\"lazy\" title=\"Voc\u00ea tem medo de falar em p\u00fablico?\" width=\"1200\" height=\"675\" src=\"https:\/\/www.youtube.com\/embed\/Xl5fnXt86ws?feature=oembed\" frameborder=\"0\" allow=\"accelerometer; autoplay; clipboard-write; encrypted-media; gyroscope; picture-in-picture; web-share\" referrerpolicy=\"strict-origin-when-cross-origin\" allowfullscreen><\/iframe><\/div>\n<\/div><\/figure>\n\n\n\n<p class=\"has-text-align-left\">Muitas pessoas entendem que falar bem \u00e9 um dom. Mas, na maioria dos casos \u00e9 fruto do dom\u00ednio de t\u00e9cnicas e de muito treinamento. Portanto, \u00e9 um aprendizado!<\/p>\n\n\n\n<p class=\"has-text-align-left\"><strong>Mas, a quem se&nbsp;destina o curso de Orat\u00f3ria?<\/strong><\/p>\n\n\n\n<ul class=\"wp-block-list\">\n<li><strong>Profissionais de vendas<\/strong>, como gerente de vendas, supervisor de vendas, coordenador de vendas, consultor de vendas e executivo de vendas, que precisam conquistar a aten\u00e7\u00e3o das pessoas, realizar negocia\u00e7\u00f5es e quebrar as obje\u00e7\u00f5es dos clientes para vender seus produtos e servi\u00e7os.<\/li>\n\n\n\n<li><strong>Altos executivos<\/strong>, como diretores, coordenadores de \u00e1reas, gestores de equipe e l\u00edderes de equipes, que querem transmitir sua mensagem de forma clara e objetiva aos seus liderados em apresenta\u00e7\u00f5es e reuni\u00f5es, garantindo a compreens\u00e3o dos interlocutores e desta forma evitando ru\u00eddos de comunica\u00e7\u00e3o entre setores e equipes, gerando resultados eficazes para a empresa.<\/li>\n\n\n\n<li><strong>Profissionais liberais<\/strong>, como m\u00e9dicos, advogados, nutricionistas, dentistas, fisioterapeutas, arquitetos, engenheiros, psic\u00f3logos e de outras classes, que desejam atrair clientes e garantir que eles entendam o que est\u00e1 sendo dito e o reconhe\u00e7am como uma grande refer\u00eancia na sua \u00e1rea.<\/li>\n\n\n\n<li><strong>Profissionais da internet<\/strong>, notadamente os produtores de conte\u00fados e cursos online, youtubers, blogueiros e influenciadores digitais, que aparecem em v\u00eddeos e lives nas redes sociais e que precisam ter uma comunica\u00e7\u00e3o carism\u00e1tica, natural, clara, objetiva e com credibilidade para engajar seguidores e alunos.<\/li>\n\n\n\n<li><strong>Empreendedores<\/strong>&nbsp;que desejam dominar as t\u00e9cnicas de comunica\u00e7\u00e3o para atrair potenciais investidores e clientes e ter sucesso em seus neg\u00f3cios, assim como profissionais de \u00e1reas t\u00e9cnicas&nbsp;que precisam se comunicar e se fazer entender com pessoas de forma\u00e7\u00e3o n\u00e3o t\u00e9cnica e clientes.<\/li>\n\n\n\n<li><strong>Palestrantes, oradores, professores e pol\u00edticos<\/strong>&nbsp;que desejam motivar, encantar e prender a aten\u00e7\u00e3o da plateia com uma fala assertiva, atrativa, carism\u00e1tica, sem v\u00edcios e bom vocabul\u00e1rio, com flu\u00eancia verbal, sabendo utilizar bem a sua voz e a expressividade corporal.<\/li>\n\n\n\n<li><strong>E para&nbsp;qualquer profissional<\/strong> que queira aprimorar suas habilidades de comunica\u00e7\u00e3o e vencer barreiras ao se expor em frente ao p\u00fablico sabendo administrar as emo\u00e7\u00f5es, se sentindo mais a vontade, construindo uma fala interessante, atrativa, clara e objetiva dentro e fora da sua organiza\u00e7\u00e3o.<\/li>\n<\/ul>\n\n\n\n<div class=\"wp-block-media-text alignwide is-stacked-on-mobile\"><figure class=\"wp-block-media-text__media\"><img decoding=\"async\" src=\"https:\/\/tonicorrea.com.br\/wp-content\/uploads\/2023\/01\/nao-perca-png-3.png\" alt=\"\" class=\"wp-image-1497 size-full\"\/><\/figure><div class=\"wp-block-media-text__content\">\n<p>Venha estudar conosco e <strong>FA\u00c7A APRESENTA\u00c7\u00d5ES DE ALTO IMPACTO.<\/strong><\/p>\n<\/div><\/div>\n\n\n\n<p><strong>COMUNICA\u00c7\u00c3O E EXPRESS\u00c3O VERBAL \u2013 CURSO PRESENCIAL DE ORAT\u00d3RIA<\/strong><\/p>\n\n\n\n<ul class=\"wp-block-list\">\n<li>100% pr\u00e1tico com espa\u00e7o para treinar sua apresenta\u00e7\u00e3o<\/li>\n\n\n\n<li>Espa\u00e7o para que os alunos possam tirar suas d\u00favidas AO VIVO<\/li>\n\n\n\n<li>Intera\u00e7\u00e3o dos alunos com o professor<\/li>\n\n\n\n<li>Oportunidade para aprender a organizar uma apresenta\u00e7\u00e3o do in\u00edcio ao fim<\/li>\n\n\n\n<li>Dicas sobre comunica\u00e7\u00e3o e express\u00e3o verbal<\/li>\n\n\n\n<li>Aprenda a dominar T\u00c9CNICAS DE APRESENTA\u00c7\u00c3O<\/li>\n<\/ul>\n\n\n\n<p><strong>PASSE DE ORADOR EFICIENTE, PARA APRESENTA\u00c7\u00d5ES DE ALTO IMPACTO!<\/strong><\/p>\n\n\n\n<figure class=\"wp-block-image size-large\"><img decoding=\"async\" src=\"https:\/\/tonicorrea.com.br\/wp-content\/uploads\/2023\/01\/BotaoGarantaVaga-Posmaster-min-1024x267.png\" alt=\"\" class=\"wp-image-1501\"\/><\/figure>\n\n\n\n<p class=\"has-text-align-center\"><strong><em><mark style=\"background-color:rgba(0, 0, 0, 0)\" class=\"has-inline-color has-vivid-green-cyan-color\">Os participantes de nossos cursos, sejam presenciais ou online, tem direito a Certificado de conclus\u00e3o para quem tiver presen\u00e7a m\u00ednima de 70% e material did\u00e1tico com vers\u00e3o para download.<\/mark><\/em><\/strong><\/p>\n\n\n\n<p>Voc\u00ea nunca participou de um curso de comunica\u00e7\u00e3o e express\u00e3o verbal com conte\u00fado t\u00e3o abrangente!<\/p>\n\n\n\n<p><strong>CONTE\u00daDO DO CURSO DE ORAT\u00d3RIA<\/strong><\/p>\n\n\n\n<ul class=\"wp-block-list\">\n<li>Porque \u00e9 importante falar bem em p\u00fablico?<\/li>\n\n\n\n<li>Teoria sobre comunica\u00e7\u00e3o e express\u00e3o verbal, orat\u00f3ria e ret\u00f3rica<\/li>\n\n\n\n<li>Modelos e caracter\u00edsticas de apresenta\u00e7\u00f5es<\/li>\n\n\n\n<li>Conhe\u00e7a seu p\u00fablico<\/li>\n\n\n\n<li>Promova a adequa\u00e7\u00e3o da linguagem da apresenta\u00e7\u00e3o ao p\u00fablico-alvo<\/li>\n\n\n\n<li>Domine o medo de falar em p\u00fablico<\/li>\n\n\n\n<li>Fa\u00e7a exerc\u00edcios<\/li>\n\n\n\n<li>N\u00e3o esque\u00e7a do aquecimento vocal<\/li>\n\n\n\n<li>Tenha conhecimento do assunto e dos slides da apresenta\u00e7\u00e3o<\/li>\n\n\n\n<li>Aplique t\u00e9cnicas de orat\u00f3ria e ret\u00f3rica<\/li>\n\n\n\n<li>O uso do microfone<\/li>\n\n\n\n<li>Postura ao falar<\/li>\n\n\n\n<li>Falar em p\u00e9<\/li>\n\n\n\n<li>Falar sentado<\/li>\n\n\n\n<li>Gestos ao falar<\/li>\n\n\n\n<li>A&nbsp; import\u00e2ncia da leitura e o fortalecimento do vocabul\u00e1rio<\/li>\n\n\n\n<li>V\u00edcios de linguagem<\/li>\n\n\n\n<li>Piadas<\/li>\n\n\n\n<li>Imposta\u00e7\u00e3o de voz<\/li>\n\n\n\n<li>Entona\u00e7\u00e3o da voz<\/li>\n\n\n\n<li>Conquiste aten\u00e7\u00e3o<\/li>\n\n\n\n<li>Marketing pessoal para apresenta\u00e7\u00f5es<\/li>\n\n\n\n<li>Com que roupa vou?<\/li>\n\n\n\n<li>Criando a pr\u00f3pria marca<\/li>\n\n\n\n<li>O uso do palco<\/li>\n\n\n\n<li>Aprenda t\u00e9cnicas de orat\u00f3ria e controle emocional<\/li>\n\n\n\n<li>Domine o medo de falar em p\u00fablico<\/li>\n\n\n\n<li>Respondendo perguntas e lidando com pessoas \u201cdif\u00edceis\u201d<\/li>\n\n\n\n<li>E se der um \u201cbranco\u201d?<\/li>\n\n\n\n<li>Contes hist\u00f3ria emocionantes<\/li>\n\n\n\n<li>Enfatize frases marcantes<\/li>\n\n\n\n<li>Olhe para os olhos das pessoas<\/li>\n\n\n\n<li>Import\u00e2ncia do sorriso<\/li>\n\n\n\n<li>Estude \u201cmuito\u201d o assunto a ser abordado<\/li>\n\n\n\n<li>Domine o conte\u00fado de sua apresenta\u00e7\u00e3o<\/li>\n\n\n\n<li>Modelos de apresenta\u00e7\u00e3o de slides<\/li>\n\n\n\n<li>Pesquisa e desenvolvimento de tema<\/li>\n\n\n\n<li>O poder de s\u00edntese<\/li>\n\n\n\n<li>Jamais leia uma apresenta\u00e7\u00e3o<\/li>\n\n\n\n<li>A orat\u00f3ria e a era digital<\/li>\n\n\n\n<li>O famoso \u201crecurso do CHA\u201d<\/li>\n\n\n\n<li>Desenvolvendo um discurso com in\u00edcio, meio e fim<\/li>\n\n\n\n<li>Gerenciamento do tempo<\/li>\n\n\n\n<li>Poder de persuas\u00e3o<\/li>\n\n\n\n<li>Autoconfian\u00e7a \u2013 Voc\u00ea \u00e9 aquilo que cr\u00ea!<\/li>\n\n\n\n<li>Blindagem emocional antes das apresenta\u00e7\u00f5es<\/li>\n\n\n\n<li>Conhe\u00e7a os equipamentos a serem utilizados na apresenta\u00e7\u00e3o<\/li>\n\n\n\n<li>Etapas para o sucesso<\/li>\n\n\n\n<li>Conhecer o p\u00fablico-alvo e saber utilizar o vocabul\u00e1rio adequado<\/li>\n\n\n\n<li>Dominar o assunto<\/li>\n\n\n\n<li>Escolher slides<\/li>\n\n\n\n<li>Chegue ao local da apresenta\u00e7\u00e3o com anteced\u00eancia m\u00ednima de 30 minutos<\/li>\n\n\n\n<li>Fazer aquecimento vocal<\/li>\n\n\n\n<li>Testar equipamentos da apresenta\u00e7\u00e3o<\/li>\n\n\n\n<li>Fazer uma \u00f3tima apresenta\u00e7\u00e3o-<\/li>\n\n\n\n<li>Tem livros ou ebook\u2019s para distribuir? Deixe para o final<\/li>\n\n\n\n<li>Dicas de orat\u00f3ria<\/li>\n\n\n\n<li>Outros assuntos pertinentes<\/li>\n<\/ul>\n\n\n\n<p class=\"has-text-align-center\"><em><strong>100% de Garantia.&nbsp;Se o curso n\u00e3o agradou, basta voc\u00ea solicitar o reembolso.<\/strong><\/em><\/p>\n\n\n\n<p class=\"has-text-align-center\"><em><strong>Por que isso? Porque temos 100% de confian\u00e7a de que seus resultados ser\u00e3o completamente fant\u00e1sticos!<\/strong><\/em><\/p>\n\n\n<div class=\"wp-block-image\">\n<figure class=\"aligncenter size-full\"><img decoding=\"async\" src=\"https:\/\/tonicorrea.com.br\/wp-content\/uploads\/2024\/11\/faca_inscricao-1.png\" alt=\"\" class=\"wp-image-2179\"\/><\/figure>\n<\/div>\n\n\n<p><strong>Ficha T\u00e9cnica:<\/strong><\/p>\n\n\n\n<ul class=\"wp-block-list\">\n<li>Carga hor\u00e1ria de aulas com exerc\u00edcios: 4 horas\/aula<\/li>\n\n\n\n<li>Canal permanente para tira d\u00favidas e consultoria<\/li>\n<\/ul>\n","protected":false},"excerpt":{"rendered":"<p>O mercado de trabalho no Brasil \u00e9 altamente competitivo e as melhores vagas s\u00e3o preenchidas com pessoas de forma\u00e7\u00e3o t\u00e9cnica e que tamb\u00e9m saibam se comunicar bem. \u00c9 preciso ser claro, persuasivo e isto passa pelo dom\u00ednio da arte de falar em p\u00fablico. Muitas pessoas entendem que falar bem \u00e9 um dom. Mas, na maioria&hellip;&nbsp;<a href=\"https:\/\/tonicorrea.com.br\/index.php\/curso-de-oratoria\/\" rel=\"bookmark\"><span class=\"screen-reader-text\">Curso de Orat\u00f3ria<\/span><\/a><\/p>\n","protected":false},"author":2,"featured_media":0,"parent":0,"menu_order":0,"comment_status":"closed","ping_status":"closed","template":"","meta":{"neve_meta_sidebar":"","neve_meta_container":"","neve_meta_enable_content_width":"","neve_meta_content_width":0,"neve_meta_title_alignment":"","neve_meta_author_avatar":"","neve_post_elements_order":"","neve_meta_disable_header":"","neve_meta_disable_footer":"","neve_meta_disable_title":"","footnotes":""},"class_list":["post-2175","page","type-page","status-publish","hentry"],"_links":{"self":[{"href":"https:\/\/tonicorrea.com.br\/index.php\/wp-json\/wp\/v2\/pages\/2175","targetHints":{"allow":["GET"]}}],"collection":[{"href":"https:\/\/tonicorrea.com.br\/index.php\/wp-json\/wp\/v2\/pages"}],"about":[{"href":"https:\/\/tonicorrea.com.br\/index.php\/wp-json\/wp\/v2\/types\/page"}],"author":[{"embeddable":true,"href":"https:\/\/tonicorrea.com.br\/index.php\/wp-json\/wp\/v2\/users\/2"}],"replies":[{"embeddable":true,"href":"https:\/\/tonicorrea.com.br\/index.php\/wp-json\/wp\/v2\/comments?post=2175"}],"version-history":[{"count":0,"href":"https:\/\/tonicorrea.com.br\/index.php\/wp-json\/wp\/v2\/pages\/2175\/revisions"}],"wp:attachment":[{"href":"https:\/\/tonicorrea.com.br\/index.php\/wp-json\/wp\/v2\/media?parent=2175"}],"curies":[{"name":"wp","href":"https:\/\/api.w.org\/{rel}","templated":true}]}}